. Give r(-67).
-5
Let o(m) = -m**2 - 128*m - 4083. What is o(-85)?
-428
Let r(v) = v**2 - 2019*v - 127405. Give r(-61).
-525
Let u(o) = -o**3 + 55*o**2 - 349*o - 242. What is u(49)?
-2937
Let v(l) = 632*l**2 + 1573*l + 4702. Determine v(-3).
5671
Let s(b) = 153928*b - 4771787. Give s(31).
-19
Let o(q) = 56*q**3 + 67*q**2 + 212*q + 166. Calculate o(-2).
-438
Let x(i) = 3*i**2 - 579*i - 72. What is x(201)?
4752
Let h(i) = -i**3 - 38*i**2 - 175*i + 3283. Calculate h(-27).
-11
Let c(k) = -8610*k - 921255. Calculate c(-107).
15
Let p(a) = -a**3 + 347*a**2 - 344*a - 971. Calculate p(346).
-279
Let q(c) = -17981*c + 89945. Give q(5).
40
Let n(y) = 15030*y - 150297. Give n(10).
3
Let z(o) = -3*o**3 + 350*o**2 + 236*o - 13925. Calculate z(117).
-2
Let r(c) = -c**3 + 131*c**2 - 3958*c + 832. Give r(84).
-8
Let x(b) = 45352*b - 90700. What is x(2)?
4
Let a(u) = -u**3 + 62*u**2 - 469*u + 159. Calculate a(8).
-137
Let r(l) = l**3 - 517*l**2 + 12330*l - 20. Calculate r(25).
730
Let u(r) = -r**3 - 65*r**2 + 829*r - 2421. Determine u(8).
-461
Let a(i) = -36800*i - 15713576. Determine a(-427).
24
Let d(v) = -3*v**2 - 22264*v - 466235. What is d(-21)?
-14
Let l(v) = 1793*v + 1790. Give l(-1).
-3
Let i(a) = -2*a**2 - 507*a - 26890. Calculate i(-179).
-219
Let q(u) = 1285*u + 27327. Give q(-21).
342
Let w(x) = -x**3 + 49*x**2 + 66*x + 4664. Give w(52).
-16
Let o(p) = 2*p**2 - 256*p + 8943. Calculate o(58).
823
Let n(y) = 7*y**2 - 245*y + 1731. What is n(25)?
-19
Let b(k) = 1354*k + 47382. Give b(-35).
-8
Let b(x) = -2*x**3 - 137*x**2 - 1888*x + 1125. Determine b(-49).
-2
Let v(z) = -z**3 + 159*z**2 - 3460*z + 321. Determine v(133).
55
Let r(s) = 3348*s - 1068046. Calculate r(319).
-34
Let p(z) = -2330*z - 16954. Determine p(-7).
-644
Let y(l) = -l**3 - 250*l**2 + 2688*l + 5482. What is y(12)?
10
Let y(s) = 2*s**3 - 57*s**2 + 95*s - 2500. Give y(29).
1096
Let c(g) = g**3 + 58*g**2 + 359*g + 34125. Give c(-61).
1063
Let y(o) = 964*o - 7535. Calculate y(10).
2105
Let d(n) = -5*n**2 + 1486*n - 13239. What is d(288)?
9
Let a(c) = -c**3 - 45*c**2 - 436*c + 5. Calculate a(-29).
-807
Let p(r) = r**2 + 7111*r + 742491. Give p(-106).
-39
Let j(s) = 35*s**3 - 141*s**2 + 571*s - 2. What is j(4)?
2266
Let z(r) = 163*r**2 + 4358*r - 823. Calculate z(-27).
338
Let r(m) = -165*m**2 - 2240*m + 8220. What is r(3)?
15
Let x(f) = -f**2 + 1122*f + 190903. Determine x(-150).
103
Let r(z) = 5348*z + 133692. Give r(-25).
-8
Let b(h) = 1760473*h - 3520947. What is b(2)?
-1
Let p(t) = -2*t**3 + 20*t**2 + 11*t - 314. Determine p(13).
-1185
Let p(g) = 4*g**2 + 144*g + 968. Determine p(-27).
-4
Let f(h) = -3717*h**2 - 3*h + 30. Give f(0).
30
Let i(u) = 1847*u - 1675147. Determine i(907).
82
Let p(s) = -36*s**3 + 330*s**2 - 53*s + 15. What is p(9)?
24
Let p(h) = -796*h - 220449. Calculate p(-277).
43
Let t(s) = s**3 + 79*s**2 - 155*s - 886. Give t(-81).
-1453
Let q(t) = -3206*t - 96195. Determine q(-30).
-15
Let g(y) = -468*y + 141461. Determine g(302).
125
Let q(t) = -2*t**2 - 157*t - 527. Give q(-65).
1228
Let a(d) = -5760*d + 403177. Determine a(70).
-23
Let q(j) = 48*j**3 - 48*j**2 - 14*j + 14. Determine q(1).
0
Let u(t) = 2*t**2 + 9451*t - 371621. What is u(39)?
10
Let h(j) = -9*j**3 + 1427*j**2 + 678*j - 6672. What is h(159)?
6
Let x(m) = 2507*m - 72708. Calculate x(29).
-5
Let n(m) = -74*m**3 + 10807*m**2 - 437*m - 132. Determine n(146).
14
Let v(c) = -4417*c - 812745. Determine v(-184).
-17
Let i(p) = p**3 - 12*p**2 - 4*p + 57. Calculate i(5).
-138
Let u(i) = -11389*i - 5455318. Calculate u(-479).
13
Let y(b) = -19*b**3 - 967*b**2 + 33*b - 3516. Determine y(-51).
3
Let t(n) = 224*n - 12951. What is t(66)?
1833
Let s(g) = -549814*g + 2748941. Give s(5).
-129
Let i(j) = -j**3 + 170*j**2 + 2106*j - 20802. Calculate i(181).
13
Let c(v) = -9*v**3 - 2*v**2 + 1602*v - 7937. Give c(5).
-1102
Let n(i) = -84*i - 6955. Calculate n(-78).
-403
Let b(k) = 1517*k - 61900. Calculate b(41).
297
Let l(m) = -2*m**2 + 788*m - 47697. Calculate l(319).
153
Let q(z) = -z**2 - 8132*z - 2522327. Calculate q(-323).
-20
Let a(o) = -2*o**3 + 3396*o**2 + 75689*o + 200. What is a(-22)?
2
Let i(s) = 286*s + 15121. What is i(-53)?
-37
Let f(n) = 16512*n - 2509845. Calculate f(152).
-21
Let m(o) = -1081*o - 142797. What is m(-132)?
-105
Let f(n) = -131151*n + 917977. Determine f(7).
-80
Let c(t) = -2*t**3 - 72*t**2 - 35*t - 973. What is c(-38)?
6133
Let l(z) = -z**3 - 241*z**2 + 2781*z - 64507. What is l(-253)?
8
Let m(c) = -2*c**3 - 224*c**2 + 252*c + 3017. Determine m(-113).
79
Let v(d) = 3*d**3 - 263*d**2 - 814*d + 8. Calculate v(-3).
2
Let m(b) = 68*b**2 - 585*b + 89. Give m(9).
332
Let a(o) = 50178*o - 2860139. What is a(57)?
7
Let j(u) = -u**2 + 111996*u + 2576429. Give j(-23).
-8
Let p(y) = -4*y**3 - 90*y**2 + 1049*y - 66. Give p(-31).
89
Let f(m) = m**3 - 56*m**2 + 779*m + 169. Give f(28).
29
Let o(f) = 235682*f - 9898700. Calculate o(42).
-56
Let s(r) = -807*r - 189965. Give s(-236).
487
Let q(l) = -2*l**3 - 32*l**2 - 3*l - 132. Give q(-16).
-84
Let t(v) = v**3 - 21*v**2 + 17799*v + 71596. What is t(-4)?
0
Let y(z) = -8170*z + 5661. Give y(1).
-2509
Let d(i) = -2*i**2 + 5*i + 284. Determine d(11).
97
Let x(o) = -947*o + 139635. Calculate x(150).
-2415
Let x(t) = -t**3 + 55*t**2 + 373*t - 23067. Give x(54).
-9
Let x(n) = -n**2 - 49*n + 5376. Calculate x(-107).
-830
Let k(v) = -179*v**3 + 7*v**2 + 222*v - 468. Give k(2).
-1428
Let q(t) = 58*t - 3603. Determine q(64).
109
Let t(a) = -2*a**3 + 27*a**2 - 44*a + 72. Give t(4).
200
Let a(r) = 66542*r + 1064721. Give a(-16).
49
Let a(n) = -n**2 + 116*n + 1506. Give a(-13).
-171
Let r(b) = -19*b**2 - 8197*b - 310749. What is r(-42)?
9
Let v(a) = -2580*a - 12904. Calculate v(-5).
-4
Let v(b) = -9*b**3 - 137*b**2 + 138*b + 2599. Give v(-15).
79
Let s(y) = -141*y**3 + 280*y**2 + 69*y - 128. Determine s(2).
2
Let t(w) = 102*w**2 + 808*w - 108. Calculate t(-8).
-44
Let u(t) = -3889*t + 11705. What is u(3)?
38
Let y(b) = 2*b**3 - 223*b**2 + 1738*b + 1326. What is y(103)?
-13
Let r(d) = 2*d**3 + 21*d**2 - 79*d + 71. Give r(-12).
587
Let m(u) = -136*u + 895. Calculate m(1).
759
Let n(k) = -6*k**2 - 477*k + 716. Calculate n(-81).
-13
Let t(n) = -n**3 + 58*n**2 + 876*n - 1841. Determine t(-14).
7
Let f(h) = -69449*h + 694484. Determine f(10).
-6
Let q(v) = -2*v**3 - 673*v**2 + 1705*v + 3392. Give q(-339).
2
Let q(f) = -22485*f - 202362. Give q(-9).
3
Let l(x) = x**3 - 78*x**2 + 848*x - 140. What is l(14)?
-812
Let h(i) = 35*i + 713. Determine h(-18).
83
Let w(p) = -118758*p + 356272. Calculate w(3).
-2
Let z(h) = -4*h**2 - 567*h - 223. Give z(-142).
-365
Let j(f) = f**3 + 6*f**2 + 14*f - 35. Determine j(-10).
-575
Let u(y) = y**3 - 54*y**2 + 17*y + 21169. Calculate u(30).
79
Let d(p) = -696635*p - 4179843. Give d(-6).
-33
Let p(b) = b**3 - 22*b**2 - 826*b + 8. Give p(-20).
-272
Let y(a) = 2*a**2 - 528*a - 2671. Calculate y(-5).
19
Let v(p) = -106*p**2 + 292*p - 28. Give v(3).
-106
Let g(f) = -13985*f - 2. Give g(0).
-2
Let o(a) = -a**3 + 30*a**2 - 4804*a + 14155. Calculate o(3).
-14
Let o(t) = -2*t**3 - 169*t**2 + 3073*t + 14. Give o(15).
1334
Let t(w) = 4*w**2 + 1863*w - 180011. Determine t(-548).
281
Let z(y) = 8*y**3 + 2177*y**2 + 307*y + 9542. Give z(-272).
22
Let s(a) = -5157*a + 31831. Give s(6).
889
Let z(i) = 2116*i + 42357. Determine z(-20).
37
Let a(c) = -9787*c - 734054. Calculate a(-75).
-29
Let y(g) = 1801*g + 751. Give y(-2).
-2851
Let n(q) = 21*q**3 - 57*q**2 + 17*q - 20. Determine n(2).
-46
Let x(k) = -1681*k**2 + 50425*k + 151. Calculate x(30).
1
Let r(w) = 2*w**3 + 210*w**2 - 655*w - 763. Give r(-108).
-7
Let p(c) = -6*c**2 + 2181*c + 63265. What is p(-27)?
4
Let z(o) = o**2 - 1844*o + 54551. Calculate z(30).
131
Let u(y) = -471*y + 45625. Calculate u(97).
-62
Let d(c) = -c**3 - 25*c**2 - 128*c + 80. Give d(-17).
-56
Let u(y) = -3382*y + 791385. What is u(234)?
-3
Let z(h) = 3*h**2 + 624*h - 4905. Determine z(8).
279
Let d(o) = -599620*o - 7195451. Determine d(-12).
-11
Let g(m) = 42*m**2 + 2235*m + 109. Give g(-53).
-368
Let y(a) = -11*a**2 + 820*a + 6057. Calculate y(-7).
-222
Let a(f) = 2*f**3 - 133*f**2 - 2744*f + 397. What is a(83)?
-18
Let n(o) = 14*o**2 - 884*o + 13526. Determine n(36).
-154
Let d(j) = -84*j - 1987. Calculate d(-29).
449
Let b(d) 